{"id":6359,"date":"2021-07-09T12:52:34","date_gmt":"2021-07-09T12:52:34","guid":{"rendered":"http:\/\/jsdacores.pt\/front\/?page_id=6359"},"modified":"2023-01-08T16:37:13","modified_gmt":"2023-01-08T16:37:13","slug":"incricao-delegados","status":"publish","type":"page","link":"http:\/\/jsdacores.pt\/front\/incricao-delegados\/","title":{"rendered":"Incri\u00e7\u00e3o Delegados"},"content":{"rendered":"<div role=\"form\" class=\"wpcf7\" id=\"wpcf7-f5089-o1\" lang=\"pt-PT\" dir=\"ltr\">\n<div class=\"screen-reader-response\"><p role=\"status\" aria-live=\"polite\" aria-atomic=\"true\"><\/p> <ul><\/ul><\/div>\n<form action=\"\/front\/wp-json\/wp\/v2\/pages\/6359#wpcf7-f5089-o1\" method=\"post\" class=\"wpcf7-form init\" enctype=\"multipart\/form-data\" novalidate=\"novalidate\" data-status=\"init\">\n<div style=\"display: none;\">\n<input type=\"hidden\" name=\"_wpcf7\" value=\"5089\" \/>\n<input type=\"hidden\" name=\"_wpcf7_version\" value=\"5.5.6.1\" \/>\n<input type=\"hidden\" name=\"_wpcf7_locale\" value=\"pt_PT\" \/>\n<input type=\"hidden\" name=\"_wpcf7_unit_tag\" value=\"wpcf7-f5089-o1\" \/>\n<input type=\"hidden\" name=\"_wpcf7_container_post\" value=\"0\" \/>\n<input type=\"hidden\" name=\"_wpcf7_posted_data_hash\" value=\"\" \/>\n<\/div>\n<h4> 1. DADOS PESSOAIS <\/h4>\n<p><span class=\"wpcf7-form-control-wrap Nome\"><input type=\"text\" name=\"Nome\" value=\"\" size=\"40\" class=\"wpcf7-form-control wpcf7-text wpcf7-validates-as-required\" aria-required=\"true\" aria-invalid=\"false\" placeholder=\"Nome\" \/><\/span><br \/>\n<span class=\"wpcf7-form-control-wrap Morada\"><input type=\"text\" name=\"Morada\" value=\"\" size=\"40\" class=\"wpcf7-form-control wpcf7-text wpcf7-validates-as-required\" aria-required=\"true\" aria-invalid=\"false\" placeholder=\"Morada Completa\" \/><\/span><br \/>\n<span class=\"wpcf7-form-control-wrap Concelho\"><input type=\"text\" name=\"Concelho\" value=\"\" size=\"40\" class=\"wpcf7-form-control wpcf7-text wpcf7-validates-as-required\" aria-required=\"true\" aria-invalid=\"false\" placeholder=\"Concelho\" \/><\/span><br \/>\n<span class=\"wpcf7-form-control-wrap Ilha\"><select name=\"Ilha\" class=\"wpcf7-form-control wpcf7-select wpcf7-validates-as-required\" aria-required=\"true\" aria-invalid=\"false\"><option value=\"Ilha\">Ilha<\/option><option value=\"Santa Maria\">Santa Maria<\/option><option value=\"S\u00e3o Miguel\">S\u00e3o Miguel<\/option><option value=\"Terceira\">Terceira<\/option><option value=\"Graciosa\">Graciosa<\/option><option value=\"Pico\">Pico<\/option><option value=\"Faial\">Faial<\/option><option value=\"Sao Jorge\">Sao Jorge<\/option><option value=\"Flores\">Flores<\/option><option value=\"Corvo\">Corvo<\/option><\/select><\/span><br \/>\n<span class=\"wpcf7-form-control-wrap NBICC\"><input type=\"text\" name=\"NBICC\" value=\"\" size=\"40\" class=\"wpcf7-form-control wpcf7-text wpcf7-validates-as-required\" aria-required=\"true\" aria-invalid=\"false\" placeholder=\"N\u00ba de BI\/CC\" \/><\/span><br \/>\n<span class=\"wpcf7-form-control-wrap NIF\"><input type=\"text\" name=\"NIF\" value=\"\" size=\"40\" class=\"wpcf7-form-control wpcf7-text wpcf7-validates-as-required\" aria-required=\"true\" aria-invalid=\"false\" placeholder=\"NIF\" \/><\/span><br><br><\/p>\n<h4> Cart\u00e3o de cidad\u00e3o <\/h4>\n<h6> Anexa o teu cart\u00e3o de cidad\u00e3o (ficheiro PDF, JPEG ou PNG - ficheiros at\u00e9 2MB)<\/h6>\n<p><span class=\"wpcf7-form-control-wrap Anexo-CartodeCidado\"><input type=\"file\" name=\"Anexo-CartodeCidado\" size=\"40\" class=\"wpcf7-form-control wpcf7-file wpcf7-validates-as-required\" accept=\".PDF,.JPGE,.PNG\" aria-required=\"true\" aria-invalid=\"false\" \/><\/span><br><br><\/p>\n<h4> 2. DADOS DE CONTACTO <\/h4>\n<p><span class=\"wpcf7-form-control-wrap Telemovel\"><input type=\"tel\" name=\"Telemovel\" value=\"\" size=\"40\" class=\"wpcf7-form-control wpcf7-text wpcf7-tel wpcf7-validates-as-required wpcf7-validates-as-tel\" aria-required=\"true\" aria-invalid=\"false\" placeholder=\"Telem\u00f3vel\" \/><\/span><br \/>\n<span class=\"wpcf7-form-control-wrap Email\"><input type=\"email\" name=\"Email\" value=\"\" size=\"40\" class=\"wpcf7-form-control wpcf7-text wpcf7-email wpcf7-validates-as-required wpcf7-validates-as-email\" aria-required=\"true\" aria-invalid=\"false\" placeholder=\"Email\" \/><\/span><br><br><\/p>\n<h4> 3. INSCRI\u00c7\u00c3O<br \/>\n<h4>\n<h6> Participo no XXIII Congresso Regional da JSD\/A\u00e7ores, ao abrigo no disposto no ponto 1) do artigo 29\u00ba dos Estatutos da estrutura. Identifica em que qualidade participar\u00e1s: <\/h6>\n<p><span class=\"wpcf7-form-control-wrap Qualidade\"><select name=\"Qualidade\" class=\"wpcf7-form-control wpcf7-select wpcf7-validates-as-required\" aria-required=\"true\" aria-invalid=\"false\"><option value=\"Delegado\">Delegado<\/option><option value=\"Representante da CPI\">Representante da CPI<\/option><option value=\"Presidente da JSD\/A\u00e7ores\">Presidente da JSD\/A\u00e7ores<\/option><option value=\"Secret\u00e1rio Geral da JSD\/A\u00e7ores\">Secret\u00e1rio Geral da JSD\/A\u00e7ores<\/option><\/select><\/span><\/p>\n<h4> 4. PARTICIPA\u00c7\u00c3O <\/h4>\n<p>Necessito de viagem a\u00e9rea para a ilha Terceira, a partir de:<br \/>\n<span class=\"wpcf7-form-control-wrap Viagem\"><select name=\"Viagem\" class=\"wpcf7-form-control wpcf7-select wpcf7-validates-as-required\" aria-required=\"true\" aria-invalid=\"false\"><option value=\"\">---<\/option><option value=\"Santa Maria\">Santa Maria<\/option><option value=\"S\u00e3o Miguel\">S\u00e3o Miguel<\/option><option value=\"Graciosa\">Graciosa<\/option><option value=\"Pico\">Pico<\/option><option value=\"Faial\">Faial<\/option><option value=\"S\u00e3o Jorge\">S\u00e3o Jorge<\/option><option value=\"Flores\">Flores<\/option><option value=\"Corvo\">Corvo<\/option><option value=\"Lisboa\">Lisboa<\/option><option value=\"Porto\">Porto<\/option><option value=\"N\u00c3O NECESSITO\">N\u00c3O NECESSITO<\/option><\/select><\/span><br \/>\n<b>N\u00e3o residindo na ilha Terceira<\/b>, necessito de alojamento durante a dura\u00e7\u00e3o do congresso, em quarto duplo:<br \/>\n<span class=\"wpcf7-form-control-wrap Alojamento\"><select name=\"Alojamento\" class=\"wpcf7-form-control wpcf7-select wpcf7-validates-as-required\" aria-required=\"true\" aria-invalid=\"false\"><option value=\"\">---<\/option><option value=\"Sim\">Sim<\/option><option value=\"N\u00e3o\">N\u00e3o<\/option><option value=\"VIVO NA ILHA TERCEIRA\">VIVO NA ILHA TERCEIRA<\/option><\/select><\/span><\/p>\n<p><span class=\"wpcf7-form-control-wrap aceito\"><span class=\"wpcf7-form-control wpcf7-acceptance\"><span class=\"wpcf7-list-item\"><label><input type=\"checkbox\" name=\"aceito\" value=\"1\" aria-invalid=\"false\" \/><span class=\"wpcf7-list-item-label\">Sob compromisso de honra confirmo que os dados enviados correspondem \u00e0 verdade. Compreendo e aceito a pol\u00edtica de privacidade da JSD\/A\u00e7ores<\/span><\/label><\/span><\/span><\/span><br \/>\n<input type=\"submit\" value=\"Enviar\" class=\"wpcf7-form-control has-spinner wpcf7-submit\" \/><\/p>\n<div class=\"wpcf7-response-output\" aria-hidden=\"true\"><\/div><\/form><\/div>\n","protected":false},"excerpt":{"rendered":"1. DADOS PESSOAIS IlhaSanta MariaS\u00e3o MiguelTerceiraGraciosaPicoFaialSao JorgeFloresCorvo Cart\u00e3o de cidad\u00e3o Anexa o teu cart\u00e3o de cidad\u00e3o (ficheiro PDF, JPEG ou PNG - ficheiros at\u00e9 2MB) 2.<span class=\"excerpt-hellip\"> [\u2026]<\/span>","protected":false},"author":2,"featured_media":0,"parent":0,"menu_order":0,"comment_status":"closed","ping_status":"closed","template":"","meta":{"spay_email":"","footnotes":""},"class_list":["post-6359","page","type-page","status-publish","hentry"],"jetpack_sharing_enabled":true,"jetpack_shortlink":"https:\/\/wp.me\/P8wvZV-1Ez","_links":{"self":[{"href":"http:\/\/jsdacores.pt\/front\/wp-json\/wp\/v2\/pages\/6359","targetHints":{"allow":["GET"]}}],"collection":[{"href":"http:\/\/jsdacores.pt\/front\/wp-json\/wp\/v2\/pages"}],"about":[{"href":"http:\/\/jsdacores.pt\/front\/wp-json\/wp\/v2\/types\/page"}],"author":[{"embeddable":true,"href":"http:\/\/jsdacores.pt\/front\/wp-json\/wp\/v2\/users\/2"}],"replies":[{"embeddable":true,"href":"http:\/\/jsdacores.pt\/front\/wp-json\/wp\/v2\/comments?post=6359"}],"version-history":[{"count":2,"href":"http:\/\/jsdacores.pt\/front\/wp-json\/wp\/v2\/pages\/6359\/revisions"}],"predecessor-version":[{"id":7283,"href":"http:\/\/jsdacores.pt\/front\/wp-json\/wp\/v2\/pages\/6359\/revisions\/7283"}],"wp:attachment":[{"href":"http:\/\/jsdacores.pt\/front\/wp-json\/wp\/v2\/media?parent=6359"}],"curies":[{"name":"wp","href":"https:\/\/api.w.org\/{rel}","templated":true}]}}